(-1). Let t be (0 - 2)*f/(-6). Determine d(t).
-6
Suppose -3 = -4*w + 5. Let b be 2*3/(-4)*w. Let k(f) be the third derivative of -f**6/120 - f**5/20 - f**4/24 - 7*f**2. Determine k(b).
3
Let o = 19 + -28. Let m be 5/(-15) - 200/(-15). Let d = m + o. Let k(z) = -2*z. Determine k(d).
-8
Let d be (-84)/(-16) - (-27)/36. Let t(g) = -3*g**2 - 3*g - 2. Let x(n) = -7*n**2 - 5*n - 4. Let u(o) = 9*t(o) - 4*x(o). Calculate u(d).
-8
Let o(b) = -25*b + 25*b + 0 - 1 - 13*b**2. What is o(-1)?
-14
Suppose -4*o = -2*n + 16, -3*o = 3*n + 3 + 9. Suppose 31*u - 27*u = 0. Suppose -4*d + u*d = n. Let q(c) = c + 4. Calculate q(d).
4
Let m(f) = -3113*f**3 - 4*f + 2*f**2 - 1 + 3114*f**3 + 2*f**2. Let o(q) = q + 1. Let n be o(-6). Give m(n).
-6
Let p(b) = 2*b**3 + 15*b**2 + 9*b + 11. Let d(j) = -j**3 - 8*j**2 - 5*j - 6. Let y(x) = 5*d(x) + 3*p(x). Give y(-3).
15
Let y be ((-174)/232)/((-6)/16). Let o(j) = -j - 1. Let p(a) = -6*a - 1. Let t(b) = 4*o(b) - p(b). What is t(y)?
1
Let k(j) = -j**2 + 4*j - 3. Let c = 26 + -18. Let g = c + -5. Determine k(g).
0
Suppose 2 = -j + 6. Suppose 0 = -j*p + 5*t + 45, 0*t + 35 = 5*p - 2*t. Let u(q) = q**2 - 6*q + 4 - 4. Calculate u(p).
-5
Let c(l) = -l**3 + 6*l**2 - 6*l + 4. Let n be 1/(-2)*-1*6. Suppose n*q + 4 = 2*g, 4*q = g + 3*g - 12. Suppose 5*x - q*p = 17, x - 4*p + 7 = -p. What is c(x)?
-1
Suppose 5*m - 10 = -0*m. Let v(a) = -a + 9. Let z be v(9). Suppose z = w + m*w + 3. Let y(g) = 5*g**3. What is y(w)?
-5
Let b(h) = -h**3 - 2*h**2 - 2. Suppose -2*s + 3*t - 5*t = 6, -17 = 3*s + 5*t. Suppose 0 = -2*c - c - 9. Let i be 1 + c + s - 1. Calculate b(i).
-2
Let i(h) = -3*h + h**2 + 6 + h**2 - 1 + 2*h**2 + h**3. Give i(-5).
-5
Let j(r) be the third derivative of r**5/60 - r**4/4 - 11*r**3/6 - 5*r**2. Let l = -1 + 9. Let g be j(l). Let z(b) = b**3 - 5*b**2 - b + 7. Calculate z(g).
2
Let k(p) = -2*p - 4. Suppose -15 = 5*c, c = 4*h + 3*c - 70. Suppose 3*m - l = -h, -3*m - 4*l = -0 - 1. What is k(m)?
6
Let z(a) = -a**2 - 2*a + 4. Let t(u) be the third derivative of -u**4/24 + 2*u**3/3 + u**2. Let x be t(8). Give z(x).
-4
Let v be (-5 - -6) + 5 + -9 + 6. Let x(g) = -2*g**2 - 1 - 2 - 1 + 5*g. Give x(v).
-7
Let n(s) = -s**2 - 8*s + 3. Let o be n(-8). Suppose -t + 0 = -o. Let h(d) = d + 3. Determine h(t).
6
Let r(b) = -7*b + 1 + 12*b - 3*b - 8*b**3. What is r(-1)?
7
Let x(c) = 7 - 5*c + 4*c - 7. What is x(7)?
-7
Suppose 4*q = -5*a - 2 + 4, 0 = q - 5*a - 13. Suppose 0 = -4*f + z + 38, q*f + 2*z - 5 = 2*f. Let b be ((-12)/f + 0)*3. Let h(l) = l**2 + 3*l + 3. What is h(b)?
7
Let f(v) be the second derivative of v**5/20 + v**4/2 + 5*v**3/6 + v. Let w(c) = 2*c + 3. Let x be (-3)/((-1)/((-12)/9)). Let s be w(x). Give f(s).
0
Let i(p) be the third derivative of p**5/20 + p**4/12 - p**3/3 - p**2. Suppose -f - 7 = 5*n + 2*f, f + 6 = 2*n. Let u be (2/n + -1)*-2. Calculate i(u).
6
Let s(g) = g + 10. Let l be 21/(-6) + 3/(-2). Let u be s(l). Let m(b) = 9 + 4 + b**3 - 6 + 2*b - 6*b**2. Calculate m(u).
-8
Suppose -3*d - 2*d + h = -6, d - 3*h = -10. Let q(i) = 2 + 2 + i + 6 + i**d. Determine q(0).
10
Let d = -166 - -19921/120. Let h(k) be the third derivative of 0*k - d*k**6 + 0 + 1/6*k**3 - 1/20*k**5 + 1/24*k**4 - k**2. Determine h(-2).
-5
Let b(l) = l**2 + 4 - 1 + 0 + 3*l - 5. Calculate b(-6).
16
Let p = -54 - -54. Let w(l) = -l**3 - l**2 + l + 19. What is w(p)?
19
Let w be (-1 - 1) + 14 + -2. Suppose 3*l + 2*j + 7 = 4*l, -4*l = j - w. Suppose -l*g - 5 = 10. Let b(k) = k**3 + 4*k**2 - 3*k + 7. Calculate b(g).
-3
Let c(l) = l**3 + 3*l**2 - 5*l - 1. Let a be (13 - 1)*17/(-51). Calculate c(a).
3
Let f(n) = n - 11. Let m(u) = 2*u - 5. Let s be m(7). Suppose 2*d - s = 1. Calculate f(d).
-6
Let k(t) = -7 - 7 + 3 + 3 - t. Let r be k(-6). Let l(b) = -b**2 - 3*b - 3. Determine l(r).
-1
Let a be (1/3)/(4/60). Let p = -1 - a. Let g(x) = -x**3 - 7*x**2 + 3*x - 3. Let q(f) = f**3 + 6*f**2 - 3*f + 3. Let s(z) = p*g(z) - 7*q(z). What is s(2)?
-5
Let m(s) = 6*s**3 - s + 1. Suppose -2*h + 4*h = 12. Let o(z) = z**2 - 2*z - 4. Let c be o(4). Let n be ((-6)/(-9))/(c/h). Determine m(n).
6
Let h(k) be the first derivative of k**3/3 - 2*k**2 - 5*k - 2. Determine h(4).
-5
Let m = -14 - -15. Let w(c) = c - 1. Determine w(m).
0
Let s(k) = 29*k**3 - 2*k + 1. Suppose m + 5*v - 16 = 0, 8*m - 3*m = 4*v - 7. Give s(m).
28
Let k(s) = -4*s - 23 + 23. What is k(-2)?
8
Suppose -2*t = 3*t. Let h be 40/(-6)*(-9)/6. Let q(m) = -9*m**2 + h*m**2 - 6 - 5*m + 6*m. What is q(t)?
-6
Let w(c) = c**2 + 2*c - 1. Suppose 6*k + 4*k + 40 = 0. Calculate w(k).
7
Let n be (0 + 2)*14/4. Let t(g) = g + 2. Calculate t(n).
9
Suppose 10 = 3*r - 5, h + 2*r = 17. Let s = -5 + h. Suppose -2*j = 0, j + s = -2*c + c. Let y(v) = -3*v - 1. Determine y(c).
5
Let h(j) be the second derivative of 0 - 1/2*j**2 + 1/6*j**4 - j + 1/20*j**5 - 1/6*j**3. Let f(o) = o**2 - 1. Let c(n) = f(n) + h(n). Determine c(-3).
1
Suppose -4*f = 3*a - 13 - 14, 5*f = -3*a + 30. Suppose 0 = 4*d + 2*w + 8, -w - 4 = -9*d + a*d. Let b(x) = -3*x - x + d*x + 3. Calculate b(3).
-9
Let d(r) be the first derivative of r**5/24 - r**4/24 + 4*r**3/3 - 3. Let p(b) be the third derivative of d(b). Calculate p(1).
4
Let n(z) = -z**2 + 5*z - 5. Let u = -22 + 29. What is n(u)?
-19
Suppose -k + 15 = 2*k. Let i = k + -7. Let l(j) = -11*j**2 + 1 + 8*j**2 + 1 + j - 2*j**3. Give l(i).
4
Let p be ((-8)/2)/((-2)/(-1)). Let x(d) = 3*d - 1 - 4*d + d**2 + 0. Calculate x(p).
5
Let g(r) = 2 + 16*r - 14*r - 1. Determine g(-6).
-11
Let h(u) = -3*u. Let k(r) = 5*r + 1. Let p(m) = 11*h(m) + 6*k(m). Calculate p(4).
-6
Let t(y) be the third derivative of -y**5/60 - y**4/6 + 7*y**3/6 + 27*y**2. What is t(-5)?
2
Let p(z) be the second derivative of 1/4*z**4 + 6*z + 1/20*z**5 + 2*z**2 + 1/6*z**3 + 0. What is p(-3)?
1
Let q = 51 - 56. Let o(l) = -2*l + 1. Determine o(q).
11
Let t(r) = r**2 - 3. Let y(f) = 5*f**2 + f - 14. Let d(x) = 11*t(x) - 2*y(x). Calculate d(4).
3
Suppose 2*m + 2*m - 20 = 0. Suppose -2*x - 9 = -m*x. Let d = -5 + x. Let a(s) = 3*s + 3. What is a(d)?
-3
Suppose 27 = 3*o - 4*m, -6*o + 4*o - 5*m + 18 = 0. Let x be (o/6 - 2)*-2. Let t(l) = -4*l**2 + 2*l**2 + 4*l - x + l**2. Determine t(3).
2
Suppose 18*x - 48 = 6*x. Let g(h) = 2*h - 5. Determine g(x).
3
Let g(i) be the second derivative of -i**5/20 + i**4/12 + i**3/6 - 7*i**2/2 - i. Suppose -4*w - 3 = -19. Let v be (-2)/w*(-1 - -1). What is g(v)?
-7
Let f = -11 + 15. Let o(p) = 2*p - f - p + 10. Calculate o(0).
6
Let c be 1/((-2)/(-4)) - 1. Let x(j) = 5*j + 5. Let w(i) = -6 + 6*i - 9*i - 2*i. Let o(q) = 4*w(q) + 5*x(q). Give o(c).
6
Let b(f) = -f**3 - 5*f**2 + 2*f + 1. Suppose -2*d = -0*d - 8. Suppose d*v + 1 = -t - 0, -t + v - 6 = 0. Calculate b(t).
-9
Let n(s) = -s**3 - 7*s**2 + 7*s - 7. Let p be n(-8). Let h be -3*(0 + 3/p). Let q = 8 + h. Let k(b) = 5*b**2 + b + 1. Calculate k(q).
5
Let h(z) = 6*z**3 + z**2 - 2*z + 1. Let f = -10 + 15. Suppose -f*y + j = 2*j + 9, y = -4*j - 17. Let i = y - -2. Determine h(i).
6
Let o(d) be the second derivative of -d**5/60 + d**4/6 + 7*d**3/6 + d**2/2 + d. Let i(p) be the first derivative of o(p). Let j = 8 + -3. Determine i(j).
2
Let k(s) = s**2 - 4*s + 3. Let q = -52 - -55. Give k(q).
0
Let t(u) = u**2 + 5*u + 6. Let l(z) = -z**3 + 4*z**2 + 3*z + 2. Let m be l(5). Let i = 6 + -2. Let w = m + i. Calculate t(w).
2
Let n(v) = -v**3 + 8*v**2 - 5. Let t = 14 - 6. Determine n(t).
-5
Let d(c) be the first derivative of c**3/3 - 2*c**2 + c - 18. Let g = -3 - -5. Calculate d(g).
-3
Let b be ((-2)/8)/((-6)/48). Let p(f) = -5*f**2 - 7*f - 6*f**b - f**3 + 4*f**2. What is p(-6)?
6
Let r(b) = b + 15. Let g be r(-16). Let l(h) = -6*h**3 + h**2 - 1. What is l(g)?
6
Let f = 50 - 43. Let x(s) = 4*s**3 - 4*s**2 + s - 10. Let h(k) = -9*k**3 + 7*k**2 - 2*k + 21. Let z(t) = 3*h(t) + 7*x(t). Calculate z(f).
0
Let v(s) = s**3 - 4*s**2 - 6*s + 4. Let o = 14 + -9. What is v(o)?
-1
Let q(a) = -6*a - 4. Let t(l) = -l. Let z(b) = -q(b) + 5*t(b). What is z(-8)?
-4
Let d(u) = 2*u**3 + u**2 + u. Suppose 5*p = 2*p + 18. Let y(h) = -7 + 3*h - 2*h + 0. Let c be y(p). Give d(c).
-2
Let j(v) = 408*v**2 + 8*v**3 + 2 - 4*v**3 - 407*v**2 - 1 + v. Give j(-1).
-3
Let d(a) = 4*a - 2*a - 4*a - 1. Suppose 5 + 10 = 3*w. Suppose -14 = k + 5*b, -2*k + 11 + 6 = -w*b. Give d(k).
-3
Let g(o) be the first derivative of -3